61. Calculate y(6).
6
Let j(n) = 22*n + 6. Suppose -19*m + 99*m = -320. Give j(m).
-82
Suppose 9*y + 4*l = 12*y - 2151, 5*l = 2*y - 1427. Let v = y + -724. Let t(x) = -3*x**2 - x**2 - x**2 - 3*x + 1 - x**3. Calculate t(v).
-8
Let g(u) = -11*u + 22 - 45 - 5*u**2 + 6*u**2 + 19. What is g(9)?
-22
Let z(n) be the second derivative of n**5/20 + 7*n**4/4 + 6*n**3 - 37*n**2/2 + 5817*n. Determine z(-19).
1
Let q(m) be the third derivative of m**6/120 - m**5/15 - 5*m**4/24 - 5*m**3/6 - 6*m**2 - 25. Give q(5).
-5
Suppose -15*w - 65*w + 861 = 43*w. Let n(j) be the third derivative of 1/6*j**4 + 0*j + 2*j**2 + 0 - 5/3*j**3. Calculate n(w).
18
Let j = -3646 - -3647. Let p(m) = -5*m + 8. Calculate p(j).
3
Let q(h) = 3282*h**2 + 8*h - 1659*h**2 - 1622*h**2 - 32. Calculate q(-11).
1
Suppose 20*g - 17*g = 24. Suppose k - g = -2*l - 0*l, 2*l = -4. Let h be k/5 + (-18)/45. Let f(y) = -y**2 + 4*y - 3. What is f(h)?
1
Let j(n) be the first derivative of n**4/4 + 7*n**3/3 + 7*n**2/2 + 12*n + 661. What is j(-6)?
6
Let y(n) = 40*n + 43. Let z be y(-1). Suppose -4*s - 5*j = -5 + 3, -3*s + 5*j + 19 = 0. Let m(h) = 30*h + h**z - 31*h + 0*h**s. What is m(2)?
6
Let t(n) = -67*n**3 + 13*n**2 + 444*n + 2. Let m(s) = -35*s**3 + 7*s**2 + 242*s + 1. Let u(z) = -11*m(z) + 6*t(z). Give u(-1).
17
Let z be 5/(-4)*1*-4. Let t(y) = -165 - y**2 + 334 - z*y - 170. Calculate t(-3).
5
Let f(s) = 21*s - 414. Let g be f(20). Let q(n) be the first derivative of -n**3/3 + 5*n**2/2 - 3*n - 2. Determine q(g).
-9
Let p(c) = 11*c + 49. Suppose 5*o = -75*i + 70*i, -15 = 2*i - o. Calculate p(i).
-6
Let g(c) = 2. Let v(p) = p. Let t be (-18)/(-5) - 10/(-25). Let o(h) = t*g(h) - 5*v(h). Determine o(-8).
48
Let k = -482 + 481. Let f = -4 + 6. Let s(l) = 3*l**2 - 5*l**f + 3*l**2 - 1 - 2*l. Calculate s(k).
2
Let s(j) = j**2 + 21*j - 59. Let m be s(-25). Suppose 7*y = 5*y - 2*d - 8, 0 = -4*y + d - m. Let k(z) = -z**2 - 9*z - 6. Give k(y).
-6
Let w(d) = d**2 + 7*d - 70. Let n(z) = -2*z**2 - 16*z + 144. Let r(o) = -3*n(o) - 7*w(o). Give r(-8).
2
Let h(v) = 69*v - 69*v - 2 - v**2. Suppose 0*f = 4*f + 76. Let m = f + 19. What is h(m)?
-2
Let p = -14843 - -14843. Let c(n) = -n**3 + 11*n**2 - n - 12. What is c(p)?
-12
Let a(c) be the second derivative of -5*c**3/6 + 39*c**2 - 816*c + 1. What is a(16)?
-2
Let y(d) = -d**2 - 5*d - 3. Let z be -3 + 48 + -1 + -1. Suppose -3 = 4*w - z. Suppose -w*q = -15*q - 15. Give y(q).
3
Let d(f) = -f**2 + 7*f + 10. Let s(i) = 59 + 2*i**2 - 8*i - 3*i**2 - 44. Let p be s(-9). Let v be (-9)/27 - (-44)/p. Calculate d(v).
10
Let k(r) = r**3 - 2*r - 1. Let x(u) = -6*u - 1. Suppose 7*m + 116 = -150. Let h = -38 - m. Let b be x(h). What is k(b)?
0
Let z(m) = 5*m**2 + 4*m. Let n(o) = 11*o**2 + 7*o + 1. Suppose -4*v = -16*v - 768. Let a = 70 + v. Let k(s) = a*n(s) - 13*z(s). Calculate k(9).
-3
Let s be 1*(1 + (1 - 2)). Let c(v) be the second derivative of -v**3/6 + 4222*v. What is c(s)?
0
Let z(v) = -v**3 - 11*v**2 - 10*v + 2. Suppose 39 = 4*r - 9. Suppose 3*t - 4*x = -38 - r, 4*t + x = -35. What is z(t)?
2
Let l(y) = 4*y + 15*y - 11 - 15*y. Let j = 10 - 6. Let s(i) = 3*i - 10. Let o(n) = j*l(n) - 5*s(n). Calculate o(-5).
1
Let r(w) = -2*w - 18. Let d = 1713 - 1717. Calculate r(d).
-10
Let i(m) = 12*m**3 - 194 + 3*m + 16 + 166 - 2*m**2 + 15 + 0*m**2. Determine i(-2).
-107
Let s(i) = -i - 19. Suppose -3 = -2*j + 7. Suppose 28*u - 27*u = -17*u + 360. Suppose 3*k = 5*m + 63, j*m + u = -4*k - 36. Calculate s(m).
-7
Let a be 4/2 - 0*(-6)/(-18). Let y(t) = -6*t**2 - t - 279 - 3*t**a + 279. Calculate y(-1).
-8
Let o(z) be the second derivative of -z**4/6 - 5*z**3/6 + 30*z**2 + 37*z. Let m(p) be the first derivative of o(p). Calculate m(5).
-25
Let l = -12809 - -12813. Let v(b) = -3*b**2 + 4*b - 20. Calculate v(l).
-52
Let j(u) = -2*u - 16. Let q = 211 - 118. Let p be q/(-12) - (-21)/(-84). Calculate j(p).
0
Let s(q) = 13*q - 71. Suppose -t + 886 - 863 = 3*b, -6*b - 4*t + 62 = 0. Determine s(b).
-6
Suppose 100*r - 132*r - 64 = 0. Let a(y) be the first derivative of 2*y**2 + 5*y - 73. Calculate a(r).
-3
Let d(t) = 42*t - 136. Let a be d(12). Let y be a/(-40) + (-4)/5. Let s(f) = -f. Calculate s(y).
10
Suppose 4*d - 2 = -z + 6, -4 = -2*d - 5*z. Let s(u) = -396*u - 77. Let o(k) = -31*k - 6. Let b(g) = -77*o(g) + 6*s(g). What is b(d)?
22
Suppose 34 = -3*u + 46. Suppose -d + 5*d - u*p - 56 = 0, 5*d - 76 = -p. Suppose 4*f - 7*f = d. Let z(n) = -n**3 - 6*n**2 - 6*n. Calculate z(f).
5
Let y = -200 + 508. Let l = -304 - -302. Let d be 5/14*l - 88/y. Let m(b) = -26*b**3 + 2*b**2 + 2*b + 1. Determine m(d).
27
Let v(a) be the third derivative of a**5/60 + a**4/3 + 8*a**3/3 - 74*a**2 - 1. What is v(-6)?
4
Let j(g) be the second derivative of 5*g**3/2 + 13*g**2/2 + 3*g + 80. What is j(-4)?
-47
Let c(h) = h - 5. Suppose 5*i = -2*w + 8, -i - 2*i + 4*w - 16 = 0. Let k be ((-6)/(-12) + i)*12. Give c(k).
1
Let y(w) = 12*w**3 + 2*w**2 - 5*w + 3. Suppose d - 3*v + 5 = 0, -4 + 9 = -5*d + 5*v. What is y(d)?
12
Let s(o) = o**3 - 5*o**2 + 2*o + 1. Let q(i) = -i**3 + 9*i**2 - 3*i - 38. Let p be q(8). Suppose -p*j + 3 - 10 = -5*m, -4*j + m = -13. Give s(j).
-7
Let c(i) be the second derivative of i**5/60 - 3*i**4/8 - 41*i**3/6 + 39*i. Let h(l) be the second derivative of c(l). Suppose 7 + 7 = 2*m. Give h(m).
5
Suppose 11*g + 508 = 15*g. Let h(s) = g - 7*s + 6*s - 124. Suppose -3*r = 2*v, 0 = -2*v - v - 9. Determine h(r).
1
Let p be (-3)/(-12)*4 - 4 - -19. Suppose 18 - p = k. Let h(a) = -14*a**k - 9*a - 6 + 2*a + 13*a**2. What is h(-5)?
4
Suppose r + 5*t - 4*t = 1, -r - 2*t - 2 = 0. Let n(m) = -5*m. Let q be -1*(1 - 0 - 6). Let f(i) = 11*i - 1. Let h(x) = q*n(x) + 2*f(x). Determine h(r).
-14
Let c(i) = -i**2 - 31*i - 227. Suppose 4*k = 4*f - 8, -4*k + 28 - 100 = 4*f. Give c(k).
-17
Let o(y) = 2*y**2 + 51*y - 4. Let m(p) = -p**2 - 24*p + 3. Let d(z) = -5*m(z) - 2*o(z). Determine d(-18).
-7
Let m(y) = y**3 + 1 + 0*y**2 + 2*y - 2*y**2 + 1. Let r be 5 - (-50)/60*-6. Suppose 0 = -3*h - c + 10, r = -h + 3*h - c. Give m(h).
6
Suppose -9 = -3*b - 6. Let u(q) = 59*q**2 + 1. Let t be u(b). Let j(f) = -32 - 11*f + t + 2*f - 34 - f**2. What is j(-7)?
8
Let b(a) = 9*a + 2. Let r be 130 + 40/(-8) + (-4 - 1). Suppose 2*o = -18*o - r. Give b(o).
-52
Let o(d) = -3*d - 20. Let l(p) = p + 10. Let j(m) = 5*l(m) + 2*o(m). Suppose -110*u + 360 = -70*u. Calculate j(u).
1
Let p(a) = -21*a**2 + 61*a + 118. Let x(c) = 13*c**2 - 40*c - 80. Let g(w) = 5*p(w) + 8*x(w). What is g(-14)?
-36
Let k(d) = -12*d + 18*d - 7*d - 8. Let h(g) = 17*g + 1. Let l be h(-1). What is k(l)?
8
Let l(s) = -16*s**3 + 44*s**2 - 55*s + 134. Let a(b) = 7*b**3 - 22*b**2 + 27*b - 67. Let k(w) = 7*a(w) + 3*l(w). Give k(21).
-4
Let i(l) = 6*l - 13. Let x be i(3). Suppose x*j + 0*j - 35 = 0. Let s(k) = -12*k**2 + 36*k**2 + j*k - 14*k**2 - 11*k**2. What is s(7)?
0
Let d(b) = -b**3 + 7*b**2 - b + 6. Let j = 39 - -25. Let i be 3/(3/j) - 8/8. Let n = i - 56. Give d(n).
-1
Let g(f) = -f**3 + 6*f**2 + f + 3. Let b(j) = 9 + 1254*j - j**3 + 30 - 1272*j + 17*j**2. Let v be b(16). Suppose 7*t - 84 = -v*t. Give g(t).
9
Let z(r) be the first derivative of -r**4/4 + 2*r**3 - 3*r**2 - r + 52. Suppose -b - 76 = -3*u - 10, 5*u = 5*b + 100. Let i = -18 + u. What is z(i)?
-6
Let t(c) be the first derivative of -2*c**3/3 - 2*c**2 - c - 67. Let m(v) be the first derivative of t(v). Give m(-7).
24
Let y(d) be the first derivative of -34 - 5/2*d**2 - 2*d - 1/4*d**4 + 5/3*d**3. Determine y(4).
-6
Suppose 5*f - 8*f - 6 = 0. Let q(y) = -y - 3. Let x be q(f). Let g(j) = -39*j**2 + 7*j. Let z(b) = 19*b**2 - 3*b. Let k(m) = 4*g(m) + 9*z(m). Give k(x).
14
Let p = 497/46 - 237/23. Let c(i) be the second derivative of -1/6*i**3 + 3*i + 1/12*i**4 - 1/20*i**5 + 0 - p*i**2. What is c(0)?
-1
Suppose 3*w = -0*w + 12, 2*w + 7 = 3*h. Let j(u) = u**2 - 6*u + 7. Let i be j(6). Let a(n) = -7*n**2 + 1 + n**3 - i - 5*n + 3*n**2. Determine a(h).
-6
Let v(l) = 5*l**3 + 8*l**2 - 1. Let r(i) = -3*i**3 - 3*i**2 - i**2 + 0*i**2. Let s(q) = 7*r(q) + 4*v(q). Let x(n) = -266*n + 10112. Let m be x(38). Give s(m).
-4
Let v(d) be the first derivative of d**3/6 - 15*d**2 + 141*d + 8. Let x(c) be the first derivative of v(c). Calculate x(15).
-15
Suppose 0 = 3*g - 5*s - 21, 6*g - 3*g - s - 9 = 0. Let i(w) = -g - 2*w - w + 2*w. 